k) = 0*k + 9 - 8*k + 0*k + 4*k. Determine f(7).
-19
Let z(q) be the first derivative of q**5/120 - q**4/6 - q**3/3 + 2. Let n(r) be the third derivative of z(r). Determine n(3).
-1
Let o(s) = -2*s + 4. Let l = 17 + -9. Let i = 11 - l. Determine o(i).
-2
Let s(v) = -4*v - 1. Let n(c) = 2*c + 1. Let h(k) = 5*n(k) + 3*s(k). What is h(6)?
-10
Let x = 35 - 30. Let n(o) = -o**2 + 7*o - 1. Calculate n(x).
9
Let n(f) = -f**3 - 2*f**2 - 3*f - 3. Let h be n(-2). Let r(b) be the second derivative of 2*b + 1/6*b**3 + 0 - h*b**2. Determine r(0).
-6
Let q = -45 - -45. Let v(n) = 0 + n + 1 - n**2 + 2. What is v(q)?
3
Let x(a) = -1. Let n(z) = -z**2 + z + 4. Let t(l) = n(l) + 5*x(l). Calculate t(0).
-1
Let d(b) = b**2 - 2*b. Let m be d(3). Let w(n) = n + 0 - m*n - 2 + n**2. Suppose 4*i - 4*v + 8 = 0, -2*i + 19 = -7*i - 4*v. Give w(i).
13
Let d(o) = o**3 + 6*o**2 - 3*o - 8. Suppose 0 = -2*b - 3*y - 2*y - 22, -b + 5*y = -4. What is d(b)?
10
Suppose -4*t = 28 - 128. Suppose 5*c + t = 3*h, 2*c + 2*c + 20 = -h. Let b(m) = -1 + h - m + 3*m + m. Determine b(-1).
-4
Suppose z - 2*z - 3 = 2*p, 0 = 3*z - 3*p - 9. Let l(g) = 4*g**3 - g**3 + g**2 - 7 - 2*g**3 + z. Calculate l(0).
-6
Suppose 0 = 4*l - 0*l. Let n(o) be the third derivative of o**5/60 + o**4/24 + o**3/6 + 7*o**2. Calculate n(l).
1
Let u(k) = k**2 - k. Suppose -3*b - 9 + 6 = 0. Give u(b).
2
Let y(a) be the third derivative of -1/24*a**4 + 0 + 0*a**3 + 2*a**2 + 0*a. Suppose 0 = -3*g + w - 3, g + w - 6*w - 13 = 0. Calculate y(g).
2
Let f(v) = -2*v - 1. Let z(u) = -3*u + 10. Let r be z(4). Give f(r).
3
Let q(u) = u + 10. Let f be q(-7). Suppose -7 - 5 = 4*h - f*p, -4*p + 3 = -h. Let t(g) = 2*g. Determine t(h).
-6
Let s(g) be the first derivative of -g**5/20 + g**4/2 - g**3/6 - 7*g**2/2 - 2*g - 9. Let k(j) be the first derivative of s(j). What is k(6)?
-13
Let y(q) = 3*q**2 + q + 3. Let p(o) = 5*o**2 - 3. Let b(v) = -6*v**2 + 4. Let d(i) = -4*b(i) - 5*p(i). Let t(u) = 2*d(u) + y(u). Give t(0).
1
Let h(g) = -13*g**3 + 2*g - 1. Let y be 6/(-9)*9/(-6). What is h(y)?
-12
Let h(d) = -d**3 - 5*d**2 - d - 3. Let l = -8 + 3. Let f = -2 - l. Suppose 3*i = 15, -3*a + 0*i = -f*i + 30. What is h(a)?
2
Let g(p) = 2*p**3 + 3*p**2 - 16*p. Let i(k) = k**3 + k**2 - 8*k. Let n(a) = -4*g(a) + 7*i(a). Give n(-6).
-12
Let u(y) be the third derivative of -y**7/1680 + 7*y**6/720 + y**5/60 - 2*y**2. Let r(g) be the third derivative of u(g). Calculate r(5).
-8
Let r(g) be the first derivative of 1/3*g**3 + 2*g**2 - 1 - 5*g. Give r(-4).
-5
Let p(t) = t**2 + 8. Let y = -1 + 1. Give p(y).
8
Let a = 4 - 7. Let w be (-15)/(-6) - a/6. Let z(b) = -2 + 0*b + 0*b - b**2 + w*b. Give z(2).
0
Let s(d) = -d + 1. Let o be 7 + -3 + (5 - 15). Give s(o).
7
Let f(h) = -13*h**2 + 10*h. Let j(i) = 2*i**2 - i - 1. Let l(m) = -f(m) - 6*j(m). Calculate l(5).
11
Let t(b) be the second derivative of -5*b**4/12 - b**2/2 - 3*b. Let u(f) = f**2 - 10*f + 8. Let p be u(9). What is t(p)?
-6
Let r be 0/(12/4 - 2). Let g(n) = n**2 - n + 4. What is g(r)?
4
Let m(z) = -z - 2*z + 5 - 4 + 5*z. Give m(-5).
-9
Suppose -2 = 2*k, 0 = h + 2*h + 2*k - 4. Let l = -5 + h. Let y = 6 + l. Let w(t) = 2*t - 2. Calculate w(y).
4
Let j(o) = -4*o**3 + 4*o**3 + 8*o - 5*o**2 + 0*o**3 + 9 - o**3. What is j(-6)?
-3
Let a(o) be the third derivative of o**5/60 - o**4/4 + o**3 + 4*o**2. What is a(5)?
1
Let n be (-3*4/(-12))/1. Let k(j) = -14*j + 1 - 10 + 1. Let c(q) = -5*q - 3. Let b(h) = -11*c(h) + 4*k(h). Calculate b(n).
0
Let o(j) be the first derivative of -j**4/4 - j**2/2 - 6*j + 8. Determine o(0).
-6
Let f = 24 + -17. Let b(j) = j - 5. What is b(f)?
2
Let q(k) = -6*k - 1. Let h be (0 + 3)/(15/10). Suppose 2 = -2*f - 0*f + 2*a, 0 = a - h. Calculate q(f).
-7
Let d(h) = -h - 4. Suppose q = -13 + 1. Determine d(q).
8
Let h(m) be the first derivative of 1 - 5*m + 4/3*m**3 + 1/4*m**4 - m**2. Let z = -31 - -27. Give h(z).
3
Let w(x) = x**3 - 7*x**2 + 9*x - 9. Let d be 0/(6/(-3)) + 6. Give w(d).
9
Let d(i) = -i - 10. Let u be d(-8). Let p(v) = 5*v. Let h be (0 + 1)/1*-2. Let z(a) = -16*a + 1. Let y(w) = h*z(w) - 7*p(w). Calculate y(u).
4
Let d(g) = -3*g**2 + 2*g - 1. Suppose -5 = 3*s - 8*s. Give d(s).
-2
Let x(y) = y + 1. Let u(h) = -h**3 + 10*h**2 + h - 3. Let j be u(10). Suppose -4*l = j + 5. What is x(l)?
-2
Suppose -2*z - 16 + 6 = 0. Let s(q) = -q**2 + 4*q + 1. Let i be s(4). Let n be z/(1/i)*1. Let x(u) = u**3 + 4*u**2 - 8*u - 7. What is x(n)?
8
Let y(u) be the first derivative of 3/8*u**4 + 0*u + 1 - 1/6*u**3 - 1/2*u**2. Let g(p) be the second derivative of y(p). What is g(1)?
8
Let p(z) = 3 - 4 - z**3 + 2*z**3. Let i(u) = -5*u**3 + 4*u**2 + 4*u + 11. Let d(y) = i(y) + 4*p(y). Suppose 5*h - 5*s = 2 + 3, -h - s + 9 = 0. Give d(h).
2
Suppose -6*s + 28 = s. Let o(v) = 6*v + 0*v**2 - v**2 + 1 - 3. What is o(s)?
6
Suppose 4*b - 5*r = 3*b + 130, 3*r = -3*b + 480. Let n be b/55 - 2/(-11). Let m(c) = -c - 1 - n*c + 5*c. Calculate m(0).
-1
Let c(h) = -2*h**3 + 4*h**2 - h + 4. Let n be ((-2)/(-3))/((-29)/(-9) - 3). Calculate c(n).
-17
Let y(c) = -3*c + 1. Suppose -s = -2 - 2. Let a(i) = -4*i. Let n(z) = s*a(z) - 5*y(z). Determine n(-4).
-1
Let j(i) be the third derivative of -i**5/60 - 5*i**4/24 + 4*i**3/3 + i**2. Let y be j(-6). Let r(v) = 2*v + 1. What is r(y)?
5
Let x(u) = u**2 - u - 2. Let l(q) = q - 15. Let c be l(18). What is x(c)?
4
Suppose -2*i = i - 6. Suppose -5*w + 2*v = -8, 0*w - w = i*v + 8. Let b(j) = j - 1. What is b(w)?
-1
Let z be (-4)/6*(-63)/6. Let p(m) = -5*m - z + 2*m + 1 + 2*m. Calculate p(-5).
-1
Let g(v) = v**3 - v**2 + 7. Suppose 2*q - 2*q = -2*q. Give g(q).
7
Let b(i) = -3*i - 4 + 4. Suppose a - m = -1 - 1, 4 = 4*m. What is b(a)?
3
Let v = 7 + -4. Suppose -v*h = -5*h - 3*a - 3, 0 = -3*h - 3*a - 6. Let g(w) = -w**3 - 2*w**2 + 2*w + 1. Determine g(h).
4
Let f(a) be the third derivative of 0*a - 1/15*a**5 + 0 - 1/24*a**4 + 3*a**2 + 1/120*a**6 - 1/6*a**3. Calculate f(4).
-5
Let q(y) = -2*y**2 - 4*y + 3. Let g(v) = -2*v**2 + 8*v - 10. Let l be g(3). Give q(l).
-13
Let r(k) = 2 + 55*k - 1 - 51*k. Let c(p) = 2*p**2 + 3*p. Let b = -8 + 6. Let i be c(b). What is r(i)?
9
Let j(z) = 2*z**3 + 2*z**2 - z + 2. Let a be (-1 + -9)*(-1)/2. Let o(f) = -2 - 2 - 4*f + f**2 - 3. Let y be o(a). What is j(y)?
-4
Let j be 2/4 + (-9)/2. Let s(i) be the first derivative of -3 - i + 1/3*i**3 + 3/2*i**2. Calculate s(j).
3
Let i(a) = -a**2 - a - 1. Let j(u) = 5*u**2 + 2*u + 2. Let h(x) = -6*i(x) - j(x). Give h(-4).
4
Let s(i) = -4*i + i + 9*i - 4. What is s(4)?
20
Suppose -3*f + 5*f = 0. Let l be (0 - f) + 3 + 0. Let g(u) = 0*u**2 + u**2 + 2*u - 2*u**2 - 3. Calculate g(l).
-6
Let q(o) = -o**3 + 4*o**2 - 3. Let i(y) = 2*y - 4 - 2*y**3 + y**3 + 6*y**2 + 0*y**3. Let w be i(6). Suppose s = -3*s, -2*k - s + w = 0. Give q(k).
-3
Let m = 4/15 - -7/5. Let o(u) be the first derivative of m*u**3 - 1/2*u**2 - u - 1. What is o(-1)?
5
Let f(b) be the first derivative of -b**3/3 - b**2/2 - 5*b - 1. Suppose -13 + 3 = -5*n - 5*u, 5*u = 10. Calculate f(n).
-5
Let i(j) be the first derivative of -j - 1/4*j**4 - 2 - 5/2*j**2 + 5/3*j**3. Suppose 2*a + 3*a = -3*b + 29, 4*b = 3*a. Determine i(a).
-5
Let r(h) be the third derivative of -h**5/120 - h**4/12 - h**3/3 - h**2. Let j(i) be the first derivative of r(i). Suppose 2*n = 1 + 3. What is j(n)?
-4
Let z be -1 - (-1 + -1 + 1). Let x(v) = -8 + z + 2 - 2*v + v**2. Let q be 6/(-4)*(-20)/6. What is x(q)?
9
Let l(r) = 5*r**2 + 14*r + 10. Let u(a) = 2*a**2 + 7*a + 5. Let d(m) = -3*l(m) + 7*u(m). Determine d(4).
17
Let r = -49 + 42. Let m(u) = -u**3 - 6*u**2 + 7*u + 10. Give m(r).
10
Let f(p) be the first derivative of p**4/4 - 5*p**3/3 + p**2 + 6*p - 9. Give f(5).
16
Let i be 6/(-2) - (-2 - 4). Let w(t) be the second derivative of 1/2*t**2 + 0 + 3*t + 1/6*t**i. Calculate w(-1).
0
Suppose -2*q - 4*u + 8 = -7*u, -5*q = -4*u - 13. Let i(m) be the first derivative of -m**2 + q - m + 5/3*m**3. Give i(-1).
6
Suppose 49*y - 5 = 44*y. Let b(p) = -2*p**3 + p**2 - 2*p + 1. What is b(y)?
-2
Let o(k) = -3*k**2 - k. Let q be 3*1*(-13)/39. Give o(q).
-2
Let x = 5 - 11. Let l(j) = 7*j**3 + 2*j**2 - 6*j + 2. Let s(d) = d**3 + d**2 - d. Let b be (-2)/(20/(-4) - -3). Let a(m) = b*l(m) + x*s(m). Give a(4).
2
Let r(t) be the third derivative of -1/60*t**5 + 1/24*t**4 - 1/120*t**6 + 0*t + 0 + 0*